What is the remainder when 518087 is divided by 206?
203
Calculate the remainder when 55935516 is divided by 10254.
10200
Calculate the remainder when 34526297 is divided by 105585.
2
What is the remainder when 1518232 is divided by 474?
10
Calculate the remainder when 1609199 is divided by 1103.
1025
Calculate the remainder when 8526229 is divided by 71.
52
Calculate the remainder when 3993428 is divided by 138.
122
What is the remainder when 219335 is divided by 2943?
1553
What is the remainder when 26810804 is divided by 4468466?
8
Calculate the remainder when 35816807 is divided by 618.
617
Calculate the remainder when 866923 is divided by 288962.
37
Calculate the remainder when 50948 is divided by 573.
524
What is the remainder when 2904369 is divided by 85422?
21
Calculate the remainder when 103509764 is divided by 6.
2
Calculate the remainder when 47254925 is divided by 382.
379
What is the remainder when 683498749 is divided by 497?
493
Calculate the remainder when 560143 is divided by 278.
251
What is the remainder when 10616223 is divided by 115?
113
Calculate the remainder when 1017978 is divided by 628.
618
What is the remainder when 7578893 is divided by 9?
2
Calculate the remainder when 4041209 is divided by 125.
84
Calculate the remainder when 5602391 is divided by 3996.
3995
Calculate the remainder when 32388109 is divided by 82.
77
What is the remainder when 22675488 is divided by 509?
47
What is the remainder when 214326 is divided by 68339?
9309
What is the remainder when 86365 is divided by 673?
221
Calculate the remainder when 1506348 is divided by 1089.
261
What is the remainder when 95905547 is divided by 17?
13
What is the remainder when 10771272 is divided by 54676?
100
Calculate the remainder when 5111793 is divided by 5153.
17
What is the remainder when 5437527 is divided by 814?
7
What is the remainder when 33794401 is divided by 194?
183
Calculate the remainder when 55717125 is divided by 102.
33
What is the remainder when 8624731 is divided by 50437?
4
What is the remainder when 2907546 is divided by 361?
52
What is the remainder when 1000513 is divided by 21750?
13
What is the remainder when 1421452 is divided by 2228?
2216
What is the remainder when 460109 is divided by 2425?
1784
What is the remainder when 71259080 is divided by 6581?
12
What is the remainder when 1194040 is divided by 18087?
298
Calculate the remainder when 257354 is divided by 1693.
18
What is the remainder when 407135 is divided by 23?
12
What is the remainder when 8615 is divided by 1066?
87
What is the remainder when 35638 is divided by 1234?
1086
Calculate the remainder when 4023181 is divided by 2011534.
113
Calculate the remainder when 114836859 is divided by 38278941.
36
What is the remainder when 17957 is divided by 2951?
251
Calculate the remainder when 20683516 is divided by 189757.
3
Calculate the remainder when 3383626 is divided by 307599.
37
Calculate the remainder when 44449667 is divided by 226.
213
Calculate the remainder when 2777796 is divided by 68.
64
Calculate the remainder when 1272960 is divided by 482.
480
Calculate the remainder when 60844 is divided by 2183.
1903
What is the remainder when 44859 is divided by 6034?
2621
Calculate the remainder when 14061773 is divided by 41.
3
What is the remainder when 356236 is divided by 4094?
58
Calculate the remainder when 477115 is divided by 47.
18
What is the remainder when 13583710 is divided by 65304?
478
What is the remainder when 213395 is divided by 671?
17
What is the remainder when 27881 is divided by 2240?
1001
What is the remainder when 3128807 is divided by 226?
63
What is the remainder when 373 is divided by 112?
37
What is the remainder when 36374327 is divided by 380?
347
What is the remainder when 88132 is divided by 87560?
572
What is the remainder when 55182 is divided by 173?
168
Calculate the remainder when 123773025 is divided by 2676.
2673
Calculate the remainder when 6490585 is divided by 11407.
2
Calculate the remainder when 1120246816 is divided by 196.
192
What is the remainder when 1204112 is divided by 1204095?
17
Calculate the remainder when 79293844 is divided by 6.
4
What is the remainder when 106085 is divided by 94?
53
Calculate the remainder when 405507 is divided by 14.
11
Calculate the remainder when 19875562 is divided by 67147.
50
What is the remainder when 759505 is divided by 131?
98
Calculate the remainder when 8240184 is divided by 485.
34
What is the remainder when 35526 is divided by 1454?
630
Calculate the remainder when 469486 is divided by 156350.
436
Calculate the remainder when 95432 is divided by 4149.
5
Calculate the remainder when 56179236 is divided by 1579.
1574
What is the remainder when 115126 is divided by 2404?
2138
Calculate the remainder when 6933806 is divided by 240.
206
Calculate the remainder when 3655596 is divided by 264.
252
Calculate the remainder when 100098 is divided by 349.
284
What is the remainder when 96046 is divided by 3121?
2416
Calculate the remainder when 98986 is divided by 27542.
16360
What is the remainder when 113783240 is divided by 5250?
5240
What is the remainder when 762449 is divided by 762446?
3
What is the remainder when 3599239 is divided by 29262?
13
Calculate the remainder when 50630 is divided by 4318.
3132
Calculate the remainder when 89135 is divided by 6.
5
Calculate the remainder when 25705 is divided by 25102.
603
Calculate the remainder when 9192325 is divided by 2298079.
9
What is the remainder when 14680182 is divided by 18?
12
What is the remainder when 8717037 is divided by 4358515?
7
Calculate the remainder when 2138510 is divided by 356388.
182
What is the remainder when 3845719 is divided by 24?
7
What is the remainder when 105783693 is divided by 708?
705
What is the remainder when 41395708 is divided by 3089?
19
What is the remainder when 444431 is divided by 317?
314
What is the remainder when 76237701 is divided by 2242285?
11
What is the remainder when 131265132 is divided by 2245?
2227
What is the remainder when 1510982 is divided by 377672?
294
Calculate the remainder when 1781252 is divided by 890586.
80
What is the remainder when 392545414 is divided by 147?
142
What is the remainder when 5364898 is divided by 675?
673
What is the remainder when 101353946 is divided by 1747?
1741
What is the remainder when 21964 is divided by 20080?
1884
What is the remainder when 48182544 is divided by 2834266?
22
Calculate the remainder when 75987448 is divided by 86.
84
What is the remainder when 1312177 is divided by 9372?
97
Calculate the remainder when 182917 is divided by 96.
37
Calculate the remainder when 1943896 is divided by 971829.
238
What is the remainder when 591704 is divided by 73962?
8
What is the remainder when 3324188 is divided by 6022?
44
Calculate the remainder when 387639 is divided by 11666.
2661
Calculate the remainder when 1148774 is divided by 62.
38
What is the remainder when 40429813 is divided by 1117?
1115
What is the remainder when 1813775 is divided by 106691?
28
Calculate the remainder when 780828 is divided by 4513.
79
Calculate the remainder when 6249788 is divided by 2064.
2060
Calculate the remainder when 5762542 is divided by 152.
70
Calculate the remainder when 7308 is divided by 7280.
28
Calculate the remainder when 69011032 is divided by 265.
262
What is the remainder when 155877326 is divided by 1348?
1346
What is the remainder when 16592138 is divided by 42?
38
What is the remainder when 590107 is divided by 12287?
331
What is the remainder when 111642 is divided by 464?
282
Calculate the remainder when 182087 is divided by 91023.
41
Calculate the remainder when 89019 is divided by 1273.
1182
What is the remainder when 1040932 is divided by 1191?
1189
What is the remainder when 5889102 is divided by 5?
2
What is the remainder when 1113803 is divided by 114?
23
Calculate the remainder when 85875 is divided by 42911.
53
Calculate the remainder when 323619 is divided by 79331.
6295
Calculate the remainder when 121117835 is divided by 16.
11
Calculate the remainder when 105259155 is divided by 21.
15
Calculate the remainder when 330737 is divided by 47235.
92
Calculate the remainder when 832423 is divided by 68.
35
What is the remain